reatest common divisor of n and 4?
2
Let u(p) = -2*p**3 + p. Let d be u(-2). Let w be d/18 + (-6)/(-27). What is the highest common divisor of 3 and w?
1
Suppose 0*h + m = 4*h - 166, 0 = 5*h - m - 207. What is the greatest common divisor of h and 287?
41
Let j = -5 + 7. Suppose 3*o = 3, -3*k + j*o + 6 + 10 = 0. Suppose 6 = 2*t, -2*c + 7 + 5 = 2*t. Calculate the greatest common divisor of c and k.
3
Let c(d) = 2*d + 6*d - 3*d. Let g be c(4). Let p = 14 - 6. What is the greatest common divisor of g and p?
4
Suppose 0 = 2*y + 3*r - 64, 2*y - 55 - 9 = 2*r. What is the highest common divisor of y and 32?
32
Let c be (-3*(-12)/(-20))/((-2)/30). Calculate the highest common divisor of c and 297.
27
Let q be (-1 - 0)*(3 + -20). Let t(x) = -10 - 36*x + 1 + 8*x. Let g be t(-7). What is the greatest common divisor of g and q?
17
Suppose 3*v = 3*w - 9, 4*v + w - 1 = -18. Let j(z) = 2*z. Let u be j(v). Let m be ((-4)/u)/(2/108). Calculate the greatest common divisor of m and 18.
9
Let x(h) = 8*h + 74. Let p be x(-8). What is the greatest common divisor of p and 190?
10
Let c be -5*((-12)/5 - 0). Let l be (-20)/(-3)*c/8. Let u = 18 - l. Calculate the greatest common divisor of u and 24.
8
Let c = 1 + 4. Suppose b + 1 = 4*q - 7, -3*b + 27 = c*q. Suppose -6*r + 3 = -q*r. Calculate the highest common factor of r and 1.
1
Let p = 9 - 5. What is the highest common factor of 16 and p?
4
Let n = 10 + 2. Let q(y) = 6*y**2 - 10*y + 4. Let h be q(4). Calculate the greatest common factor of n and h.
12
Suppose -61 = -5*u + 4*x, 0 = 3*u + 3*x + 2*x - 7. What is the greatest common divisor of 45 and u?
9
Let z = -17 - -19. Calculate the greatest common factor of z and 3.
1
Let k(r) = -r**3 - r**2 + 10*r + 7. Let h be k(-7). Let y be (-46)/(-2) - (-1 - -3). Calculate the highest common divisor of y and h.
21
Let d = -26 + 61. Let y(h) = h**3 - h**2 + h + 1. Let t be y(0). Let k be 14/t + (-1 - -1). What is the greatest common factor of d and k?
7
Let u be (-4)/((-8)/42) - (-2)/(-1). Suppose 0 = 3*x - 5*l - 275, 2*x = -3*x + 4*l + 467. Calculate the greatest common factor of x and u.
19
Suppose 5*b + 7 = -2*z + 3, 0 = -3*z - 5*b - 1. Let w be (-1)/2*68/(-2). Let p = w + -14. What is the greatest common factor of z and p?
3
Suppose -4*s = -3*u + 15, 0 = -u + 4*s + 1 - 4. Let r be (-2)/(-2) - ((-57)/1 + -5). What is the greatest common divisor of u and r?
9
Let o = 96 + 36. Suppose i + 6 = 18. Calculate the greatest common divisor of i and o.
12
Suppose 4*d = -115 + 159. What is the greatest common factor of d and 33?
11
Let w(j) = -2 + 2*j - 3 + 4. Let d be w(6). Suppose -3*q - 2*n = -289 + d, q = -3*n + 95. What is the highest common factor of q and 23?
23
Suppose 4*s - 2*t = -6, -6*s - 10 = -s - 3*t. Suppose -5*n = -2*p + 59, 2 = 3*n - s. Calculate the greatest common divisor of 8 and p.
8
Let p = -1 + 26. Suppose -5*a - 17 + 67 = 0. What is the greatest common factor of a and p?
5
Let k = 1033 + -673. Calculate the highest common factor of k and 45.
45
Let f be (7 + -3)/((-2)/(-8)). Calculate the highest common divisor of 80 and f.
16
Let f(j) = j**2 + 3*j - 10. Let g = 25 - 20. Let a be f(g). Calculate the greatest common divisor of a and 20.
10
Let c be ((-3)/6 - 1)*(-32)/6. Calculate the greatest common factor of c and 20.
4
Suppose -b - 2*m + 26 = 0, 0*m - 28 = -b - m. Calculate the greatest common factor of b and 210.
30
Let k be 16/(-12) - 76/(-3). Calculate the greatest common factor of k and 32.
8
Let a(y) = 128*y**2 - y + 1. Let h be a(1). Let l = -53 - -69. Calculate the greatest common divisor of h and l.
16
Suppose 4*l - 123 = 5*k - 50, 3*l - 31 = -k. What is the greatest common divisor of 4 and l?
4
Let z(q) = q. Let n be z(5). Let j = n - 3. Let i = 12 - 2. Calculate the greatest common factor of j and i.
2
Suppose -4*y + 7*n = 2*n - 421, -n - 521 = -5*y. Suppose 2*g - 6*g = -y. Suppose -g = -4*a - 10. Calculate the greatest common divisor of a and 12.
4
Suppose -4 = -3*d + 5. Suppose -19 = -d*q - 1. Calculate the greatest common factor of q and 60.
6
Let n be (2 + 6)*34/4. Suppose 2*d = -0*d + n. What is the highest common divisor of d and 85?
17
Suppose -3 = 4*w - 11. Suppose w*h = -2*h + 240. Let d(n) = 2*n**2 + 6*n + 4. Let q be d(-4). Calculate the greatest common factor of h and q.
12
Let f = -2 + 18. What is the greatest common divisor of f and 8?
8
Let d be (-3 - (-38 + 0)) + -3. Calculate the greatest common factor of 16 and d.
16
Let k(j) = 2*j**3 - 8*j**2 + 7*j - 15. Let r be k(6). What is the highest common divisor of r and 19?
19
Let j(m) = m**3 + 7*m**2 - 2*m - 10. Let d be j(-7). Suppose c = 2*c - d. What is the highest common divisor of 16 and c?
4
Suppose 2 = -h + 2*h. Let g(x) = -6*x - 3 + 13*x + 2*x**h - 3*x**2. Let p be g(5). Calculate the highest common factor of 35 and p.
7
Suppose -2*d + 5*r = 67, -4*d - d = 3*r + 183. Let w = d + 454. Let j be (-1)/2 - w/(-4). Calculate the highest common factor of j and 13.
13
Let l be 9/4 + 4/(-16). Suppose -2*h + 50 = -l. Calculate the highest common divisor of 65 and h.
13
Let p = 21 - -1. What is the highest common divisor of p and 110?
22
Let x be (4/10)/(1/100). Suppose 3*o + o = x. What is the greatest common divisor of o and 25?
5
Let j(x) = x**2 + x - 4. Let h be j(-3). Calculate the greatest common divisor of 4 and h.
2
Suppose -4*n - 5*j = -2*n - 37, 25 = 5*j. Suppose 0 = -f - 3*f + 676. Let i = -103 + f. What is the greatest common divisor of n and i?
6
Let o(t) be the second derivative of t**4/12 - 11*t**3/6 - 6*t**2 - 3*t. Let z be o(13). What is the highest common divisor of z and 14?
14
Suppose -45 = -3*l + 66. Let h = l + -7. Calculate the highest common divisor of h and 15.
15
Suppose w + 4*w - 30 = -5*b, -3*b = -12. Suppose -3 = 2*y + 3, 4*y - 16 = -w*p. Let u be (-82)/(-6) - (-1)/3. What is the highest common divisor of p and u?
14
Let j = 27 - -176. What is the highest common factor of 29 and j?
29
Suppose -2*b = t + 11 - 35, 3*t - 5*b = 39. Suppose 2*q + 5*j = 386, 235 = 2*q - 2*j - 165. What is the greatest common divisor of q and t?
18
Suppose -5*x + 3*j = -145, -3*j = x - 6*j - 41. Suppose -6*w + 5*w = -3. Let t be 116/w + (-2)/(-6). Calculate the greatest common divisor of x and t.
13
Suppose -5*c = 2*c - 168. What is the highest common divisor of c and 60?
12
Let b = 23 - 7. Calculate the highest common factor of b and 224.
16
Let u(b) = -b + 3. Let c be u(-4). Let n be 1/(1/35 + 0). Calculate the greatest common divisor of n and c.
7
Let v = 11 - -31. What is the greatest common divisor of 14 and v?
14
Suppose 4*y + 40 = 9*y. What is the greatest common divisor of 1 and y?
1
Let d be (-5)/(-10)*4*2. Let i be (-18)/(-2*3/d). What is the highest common divisor of i and 24?
12
Let h = 5 + -8. Suppose 12 = -3*j + 33. Let g be 3/(h*1) + j. What is the highest common divisor of g and 2?
2
Suppose 0*u - 4*u + 36 = 5*k, -5*k + 5*u = 0. Suppose 2*j + p - 9 = 0, -2*j - k*p = j - 1. What is the highest common factor of j and 14?
7
Let p(g) = 0*g + 2*g + 1 + 2*g - 5*g + 81*g**2. Let i be p(1). Suppose 2*q = 2*m - 28, -2*m + 5*q = -4*m - 7. What is the greatest common factor of i and m?
9
Let i(k) = -k + 9. Let m be i(0). Let x(j) = j**3 - 9*j**2 + 10*j - 10. Let v be x(8). Calculate the highest common factor of m and v.
3
Let q be 2 + -3 + 1 + 12. Suppose q = a + 2*a. Suppose 2*w - 8*r = -4*r + 18, -3*r - 46 = -a*w. What is the highest common factor of w and 143?
13
Suppose 0 = 3*s + 3*n - 62 - 109, -n = -2*s + 105. What is the greatest common factor of s and 9?
9
Suppose -3*z = -5*z + 4. Suppose 0 = 5*v - 0*v. Suppose z*x + v*x - 60 = 0. Calculate the highest common factor of x and 75.
15
Suppose 0 = -2*d - 3*d - 125. Let b = -11 - d. Calculate the highest common factor of b and 98.
14
Let d(i) = 6*i + 37. Let a be d(-3). Calculate the highest common factor of 190 and a.
19
Let z(h) = -16*h + 11. Let t(c) = 3*c - 2. Let v = -27 - -5. Let g(m) = v*t(m) - 4*z(m). Let o be g(-5). Calculate the greatest common divisor of 70 and o.
10
Suppose -3*m + 19 - 70 = -2*a, 3*m + 2*a = -63. Let o = m - -52. Calculate the highest common factor of 3 and o.
3
Let f be 8 + ((-8)/(-4) - -2). Calculate the greatest common divisor of f and 96.
12
Suppose 5*h - 4 = 4*h. Suppose -2*p = -h*p + 198. W